 the highest common factor of 55 and 20.
5
What is the greatest common factor of 124 and 3596?
124
What is the highest common divisor of 1925 and 140?
35
Calculate the highest common divisor of 91 and 39.
13
Calculate the greatest common divisor of 396 and 684.
36
Calculate the highest common factor of 856 and 8.
8
What is the highest common divisor of 574 and 28?
14
Calculate the highest common factor of 147 and 833.
49
Calculate the greatest common factor of 8632 and 104.
104
Calculate the greatest common factor of 592 and 28712.
296
What is the highest common divisor of 102 and 42942?
102
What is the highest common factor of 201 and 134?
67
What is the greatest common factor of 144 and 162?
18
What is the highest common factor of 356 and 267?
89
What is the highest common factor of 147 and 1372?
49
What is the greatest common factor of 200 and 220?
20
What is the highest common factor of 11 and 1661?
11
Calculate the greatest common divisor of 102168 and 396.
396
Calculate the greatest common factor of 161 and 27853.
161
Calculate the greatest common factor of 28 and 140.
28
What is the highest common factor of 1975 and 79?
79
What is the greatest common divisor of 328 and 96?
8
What is the greatest common factor of 2028 and 60?
12
Calculate the greatest common divisor of 6 and 96.
6
Calculate the highest common divisor of 2 and 7330.
2
Calculate the highest common divisor of 1197 and 1729.
133
Calculate the greatest common factor of 5 and 20455.
5
What is the highest common factor of 28 and 8?
4
Calculate the highest common factor of 73 and 1168.
73
What is the greatest common factor of 10298 and 38?
38
Calculate the highest common divisor of 11043 and 27.
27
What is the highest common factor of 5969 and 127?
127
What is the highest common divisor of 207 and 99?
9
Calculate the greatest common divisor of 28 and 16982.
14
Calculate the highest common divisor of 1494 and 36.
18
Calculate the highest common factor of 40 and 17260.
20
Calculate the greatest common factor of 16 and 84.
4
What is the highest common factor of 26 and 31798?
26
What is the highest common divisor of 1023 and 93?
93
What is the greatest common factor of 60599 and 77?
77
Calculate the greatest common divisor of 30 and 970.
10
What is the greatest common factor of 888 and 24?
24
What is the greatest common divisor of 350 and 500?
50
What is the greatest common factor of 8 and 93848?
8
Calculate the highest common divisor of 6900 and 450.
150
What is the highest common divisor of 3625 and 29?
29
Calculate the greatest common divisor of 473 and 55.
11
Calculate the greatest common factor of 4 and 401.
1
Calculate the highest common divisor of 588 and 49.
49
What is the highest common divisor of 1080 and 600?
120
What is the highest common factor of 582 and 21728?
194
What is the highest common factor of 1036 and 280?
28
What is the highest common factor of 56 and 4536?
56
Calculate the highest common divisor of 160 and 2960.
80
What is the highest common factor of 90 and 1020?
30
Calculate the highest common divisor of 108 and 4788.
36
Calculate the highest common divisor of 22225 and 75.
25
Calculate the highest common divisor of 42549 and 39.
39
Calculate the highest common factor of 7872 and 8.
8
Calculate the greatest common divisor of 39 and 8814.
39
What is the highest common divisor of 342 and 38?
38
Calculate the greatest common factor of 575 and 23.
23
What is the highest common factor of 7614 and 94?
94
What is the greatest common factor of 430 and 1462?
86
What is the highest common factor of 1188 and 30096?
396
What is the greatest common factor of 86 and 473?
43
Calculate the highest common factor of 510 and 850.
170
What is the greatest common factor of 9963 and 41?
41
Calculate the greatest common divisor of 1575 and 100.
25
Calculate the greatest common factor of 12 and 3396.
12
What is the highest common divisor of 80 and 200?
40
What is the highest common divisor of 675 and 25?
25
What is the highest common factor of 77 and 2167?
11
Calculate the highest common factor of 315 and 70.
35
Calculate the greatest common divisor of 740 and 37.
37
What is the highest common factor of 378 and 216?
54
Calculate the greatest common factor of 154 and 143.
11
Calculate the highest common factor of 276 and 9844.
92
What is the highest common factor of 915 and 1281?
183
What is the greatest common divisor of 1310 and 6026?
262
Calculate the highest common divisor of 289 and 17.
17
What is the highest common factor of 9 and 936?
9
Calculate the highest common factor of 29 and 4843.
29
What is the highest common factor of 1968 and 96?
48
What is the greatest common divisor of 10 and 440?
10
What is the highest common factor of 12 and 15?
3
What is the greatest common divisor of 224 and 532?
28
Calculate the greatest common divisor of 93 and 2697.
93
What is the greatest common factor of 147 and 1344?
21
Calculate the greatest common factor of 345 and 45.
15
What is the highest common divisor of 4 and 4?
4
Calculate the highest common divisor of 171 and 153.
9
What is the highest common factor of 6 and 33?
3
Calculate the greatest common divisor of 748 and 4.
4
What is the highest common divisor of 20 and 3580?
20
What is the highest common factor of 90 and 40?
10
Calculate the greatest common factor of 27 and 1647.
27
Calculate the highest common divisor of 350 and 5810.
70
What is the greatest common factor of 28 and 6034?
14
Calculate the greatest common divisor of 65 and 125.
5
Calculate the highest common divisor of 93 and 3441.
93
What is the greatest common divisor of 272 and 204?
68
Calculate the greatest common divisor of 1746 and 2716.
194
Calculate the greatest common factor of 1424 and 178.
178
What is the highest common factor of 304 and 361?
19
Calculate the highest common factor of 4230 and 94.
94
What is the greatest common factor of 819 and 468?
117
Calculate the highest common factor of 8 and 200.
8
What is the greatest common divisor of 3 and 636?
3
What is the greatest common factor of 116 and 2523?
29
Calculate the highest common factor of 1634 and 38.
38
Calculate the highest common divisor of 39 and 1391.
13
What is the highest common factor of 252 and 27?
9
What is the highest common factor of 90 and 380?
10
What is the greatest common factor of 170 and 20?
10
Calculate the highest common divisor of 42 and 168.
42
What is the greatest common divisor of 8156 and 8?
4
What is the greatest common divisor of 8630 and 10?
10
What is the greatest common factor of 164 and 533?
41
What is the greatest common divisor of 56 and 6?
2
What is the greatest common divisor of 240 and 1000?
40
What is the greatest common divisor of 13 and 4771?
13
Calculate the highest common divisor of 572 and 338.
26
Calculate the greatest common factor of 420 and 250.
10
What is the greatest common factor of 30 and 585?
15
Calculate the highest common factor of 1692 and 36.
36
What is the highest common divisor of 6 and 6264?
6
What is the highest common factor of 36 and 588?
12
Calculate the highest common divisor of 3966 and 24.
6
What is the greatest common divisor of 272 and 224?
16
What is the greatest common factor of 702 and 135?
27
What is the highest common divisor of 20 and 7190?
10
What is the highest common factor of 58149 and 213?
213
What is the highest common divisor of 832 and 364?
52
Calculate the greatest common divisor of 1 and 735.
1
What is the greatest common factor of 272 and 58616?
136
What is the greatest common factor of 1925 and 280?
35
Calculate the greatest common factor of 43 and 344.
43
Calculate the greatest common divisor of 32 and 40.
8
What is the greatest common divisor of 4757 and 355?
71
What is the greatest common divisor of 57 and 1881?
57
Calculate the greatest common factor of 77 and 44.
11
What is the greatest common divisor of 621 and 216?
27
Calculate the greatest common divisor of 1500 and 240.
60
Calculate the greatest common divisor of 2970 and 1430.
110
What is the greatest common factor of 252 and 396?
36
Calculate the highest common factor of 1 and 467.
1
What is the highest common factor of 332 and 12?
4
Calculate the highest common divisor of 14 and 7.
7
Calculate the greatest common divisor of 1558 and 82.
82
Calculat